(-5). What is the greatest common divisor of r and s?
5
Let h(w) = 41*w + 1. Let r be h(4). Suppose -4 = -u, 3*u - 6 = -3*b + 9. Let o be -1 - (1 - b) - -16. Calculate the greatest common factor of o and r.
15
Let b = 2 - 0. Suppose 21 = 3*r - 0*r. Let v = r + b. What is the highest common divisor of 72 and v?
9
Suppose 54*v = 53*v + 1. Calculate the highest common divisor of v and 7.
1
Suppose 3*y - 31 = 5. Suppose -3*w = -w - y. Let t = 6 + 60. What is the greatest common divisor of t and w?
6
Let q = 301 - 94. Calculate the greatest common factor of 23 and q.
23
Let q = -8 - -18. Let z = -6 + q. Suppose -c + 4 = -z. Calculate the highest common divisor of 88 and c.
8
Suppose -2*p + 180 = -p. Suppose -6*t + 4*t = -p. Calculate the greatest common divisor of t and 10.
10
Let i(v) = -7*v + 4. Let c be i(-8). Suppose -h + c + 0 = 0. What is the highest common factor of h and 24?
12
Let q(j) = j**3 - 11*j**2 - 11*j + 16. Let v be q(12). What is the highest common factor of v and 28?
28
Suppose 1565 = 4*m + 3*q, -5 = q + 4*q. Let c = m - 128. Suppose 0 = a + 2*a - c. Calculate the highest common factor of 11 and a.
11
Let b(m) = -m**2 - 5*m. Let s be b(-4). Let d = 0 - -1. Calculate the greatest common factor of d and s.
1
Suppose 2*n + 4*t - 6 = 2*t, -4*n - 3*t = -11. Suppose j + n*z - 28 = -z, -4*j - z + 145 = 0. Let v = 55 - j. Calculate the greatest common divisor of 12 and v.
6
Let y(m) = 6*m - 2. Let f be y(2). Calculate the greatest common factor of 5 and f.
5
Suppose -4*m = -81 - 27. Suppose 3*l - m = -4*n, 0 = -7*n + 2*n + 2*l + 51. What is the greatest common factor of 36 and n?
9
Let d be 1 + (-1 - -2) + 6. Suppose -4*v + 6*v = d. Suppose 5*w + 0*w + 85 = h, 4*w - 268 = -v*h. What is the highest common factor of h and 28?
14
Let t(s) = s**2 + 3*s + 2. Let r be (3 - 0)/(3/(-2)). Let a be t(r). Let k be (-35)/(-14)*(a - -12). Calculate the highest common factor of 45 and k.
15
Suppose -5*y - 1 = -m, -5*m = 4*y - 0*y - 34. Let s(q) = -q**2 - 9*q - 2. Let j be s(-9). Let t = m + j. What is the highest common factor of t and 44?
4
Let b = 23 + -20. What is the highest common factor of b and 15?
3
Let v be 1/2 - 98/(-4). Let h = 9 - 19. Let q be h/(-3)*(-21)/(-14). Calculate the greatest common divisor of v and q.
5
Let q(d) = 3*d**2 - 11*d - 7. Let n be q(5). What is the highest common divisor of n and 52?
13
Suppose 0 = -3*d + 2*d + 4*c + 2, 4*d = -c - 77. Let w be 2/(-9) + (-1948)/d. Let i be (-2)/3 + (-38)/(-3). What is the greatest common factor of w and i?
12
Suppose -4*o - 64 = -5*g, -5*g - 5*o + 43 = -g. Suppose 5*r = -t + 76, 3*r = 2*r + 3*t + g. Calculate the highest common factor of r and 45.
15
Let f be 145/4 - (-4)/(-16). Let z(v) be the first derivative of v**3 + v**2 - v - 1. Let g be z(1). What is the greatest common divisor of f and g?
4
Let o = 130 - 88. Calculate the highest common divisor of o and 42.
42
Suppose 13*k + 36 = 16*k. Calculate the greatest common factor of 24 and k.
12
Let p(r) = r + 7. Let b be p(-1). Calculate the highest common divisor of b and 48.
6
Suppose 8 = 5*c - c. Suppose 5*r - c - 4 = z, -4*r - 3*z + 1 = 0. Let o be (1/(r/(-4)))/(-2). Calculate the greatest common divisor of 2 and o.
2
Suppose -5*q = 13 + 32. Suppose 4*u - 33 = 3*u. Let r = q + u. Calculate the highest common divisor of 12 and r.
12
Suppose -3*p - 35 = -5*m + 9, -4*p + 4*m - 48 = 0. Let h be 1*((-3)/(-3) + p). Let u be 156/7 - (-2)/h. Calculate the highest common factor of 33 and u.
11
Let p(s) = s + 4. Let z be p(-7). Let o be (2 + -5)*40/z. Suppose -w - 82 = -5*d + w, -2*d = w - o. What is the highest common factor of 162 and d?
18
Suppose -r = -2*p + 5, 2*r = -3*r - 4*p + 45. Suppose -r*g + 0*a - 4*a + 116 = 0, -3*g + a + 56 = 0. Calculate the greatest common divisor of g and 50.
10
Let m = 6 + 16. What is the highest common factor of 88 and m?
22
Suppose 0 = -0*h + 2*h - 72. Suppose r = 2*z + h, 0 = -3*r - z + 59 + 28. Suppose 0 = -q - 1 + 21. What is the greatest common divisor of q and r?
10
Let i(h) = -h + 5. Let k(u) = -7*u + 3*u**2 - 6 + u + 0 - 2*u**2. Let y be k(6). Let w be i(y). What is the highest common divisor of w and 77?
11
Let p(m) = -m**3 + 5*m**2 + 1. Let d be p(4). Calculate the greatest common divisor of d and 153.
17
Let l = -1 + 18. Let d = 181 - 113. What is the highest common divisor of l and d?
17
Let k(i) = i + 76. Let s be k(-24). Calculate the greatest common factor of 416 and s.
52
Suppose 0 = 6*o - 5*o - 12. What is the greatest common factor of o and 60?
12
Suppose -c = -2*k + 5*k + 4, 0 = -c - 2*k - 1. Suppose q - v - 17 = -6, -q + c*v = -23. What is the highest common factor of q and 24?
8
Let n(r) = r**2 + 3*r + 2. Let k = 5 - 8. Let l be n(k). What is the highest common divisor of 3 and l?
1
Let b = 24 - 7. Calculate the greatest common divisor of b and 187.
17
Suppose l = -3*m - 4, 6*l = -4*m + l + 2. Let s = 3 - m. Suppose 4*n = 3*n + 3*f + 63, s*n = 4*f + 293. What is the greatest common factor of n and 19?
19
Suppose -2*o - 7 = -25. Suppose -3*s - o = -2*m + 3, 3*s = m. Calculate the highest common factor of m and 4.
4
Let s = 4 + -3. Let q = 2 + s. Suppose 3*z + 5 = q*f - 4, 5*f - 21 = -z. What is the greatest common factor of 1 and f?
1
Suppose 4*g - 3*w - 1235 = 0, 2*g + 3*w - 2*w = 605. Suppose 0 = p - 5, 0 = -3*l + 2*p - 0*p + g. Calculate the highest common factor of 42 and l.
21
Let l = 116 - 105. Calculate the greatest common factor of l and 1.
1
Let l be 28/6 + 4/(-6). Suppose 2*z + 3*z + 4*m - 45 = 0, -3*z = l*m - 35. Suppose 3*f - 75 = -0*f. Calculate the highest common factor of z and f.
5
Let y be ((-2)/(-5))/(1/5). Let f(x) = -x + 0*x + 1 + 5*x. Let m be f(y). What is the greatest common factor of 18 and m?
9
Let c be -24*((-21)/12 - -1). Suppose -c = -3*y + 114. What is the highest common factor of y and 11?
11
Let n(z) be the third derivative of z**4/24 - z**3/2 + 4*z**2. Let f be n(6). Suppose 0 = -f*s - 0*s + 57. Calculate the greatest common divisor of 57 and s.
19
Suppose -5*m - 46 = -q, 4 + 172 = 3*q + 4*m. What is the highest common factor of q and 8?
8
Let i(m) = -33*m + 12. Let f be i(-4). What is the highest common divisor of f and 18?
18
Let u = 18 + -8. Suppose -5*s + u = -5. Suppose -4*p + 5*d - s*d = -30, 2*p + 5*d = 21. What is the highest common divisor of 1 and p?
1
Let c(s) = -2*s**3 + 2*s**2 - 2*s. Let a be c(-4). Let u = -84 + a. Suppose r = -3*r + 84. What is the highest common factor of r and u?
21
Suppose 4*u - 3*k - 17 = 0, -3*u + u + k = -7. Suppose -2*o - 16 = -3*o. Calculate the greatest common divisor of u and o.
2
Let t(l) = -l**2 - 10*l - 9. Let j be t(-6). Let v(p) = -p - 2. Let c be v(-8). Calculate the greatest common factor of c and j.
3
Let z = -141 - -281. What is the highest common factor of z and 20?
20
Let h = 7 + 4. What is the greatest common factor of h and 77?
11
Suppose 24*u - 15*u = 180. What is the greatest common factor of 12 and u?
4
Let c(g) = g - 1. Let v be c(6). Calculate the highest common factor of v and 5.
5
Let v(f) = -3*f - 11. Let p be v(-7). Calculate the greatest common divisor of 70 and p.
10
Let j(k) = k**3 + 6*k**2 + 4*k - 5. Let z = 4 + -9. Let l be j(z). Suppose l = r + 25 - 93. What is the greatest common divisor of r and 17?
17
Suppose -3*v + 2*v + 10 = 0. Let b = 5 - 2. Suppose 2*x = k + 17, b*x - 24 = -2*k + 4*k. Calculate the greatest common factor of x and v.
10
Suppose 0 = 4*k - k + 18. Let c be 56/k*(-9)/(-6). Let o = 44 + c. What is the highest common divisor of o and 20?
10
Let f(z) = z**3 - 2*z**2 + 1. Let p be f(1). Let a(y) = -y**3 - y**2 + 77. Let u be a(p). What is the greatest common divisor of u and 7?
7
Let n = 230 - 153. Calculate the highest common factor of 11 and n.
11
Let h(b) = -2*b**3 + 5*b**2 + b - 4. Let u be h(2). Suppose -5*o + 19 = -1. What is the highest common divisor of o and u?
2
Let b(p) = -16*p**3 + p**2 - 2*p + 1. Let s be b(1). Let a = -14 - s. What is the greatest common divisor of 6 and a?
2
Let x(l) = l**3 - 4*l**2 + 2*l + 2. Let w be x(4). Let h = -26 + w. Let m be (h/(-6))/(1/9). Calculate the greatest common divisor of m and 12.
12
Suppose 13 = -3*u - 0*l - 5*l, 0 = 5*u - l - 25. What is the greatest common divisor of u and 52?
4
Suppose 0*m + 5*m + 30 = 0. Let z(